ulate the highest common factor of 60 and 6864.
12
What is the highest common divisor of 437 and 4?
1
Calculate the highest common factor of 13 and 767.
13
What is the greatest common factor of 14 and 326?
2
Calculate the greatest common divisor of 1859 and 11.
11
What is the highest common divisor of 100 and 4?
4
Calculate the greatest common divisor of 70 and 910.
70
Calculate the highest common factor of 40 and 48.
8
Calculate the highest common factor of 64 and 36.
4
What is the highest common factor of 731 and 34?
17
What is the greatest common divisor of 52 and 1924?
52
Calculate the greatest common divisor of 355 and 1633.
71
Calculate the highest common divisor of 663 and 26.
13
Calculate the greatest common divisor of 30 and 270.
30
Calculate the highest common divisor of 8359 and 39.
13
What is the greatest common divisor of 8 and 5?
1
What is the greatest common divisor of 1204 and 56?
28
What is the greatest common factor of 122 and 20?
2
What is the highest common divisor of 268 and 134?
134
Calculate the highest common factor of 65 and 377.
13
What is the highest common factor of 9152 and 286?
286
What is the greatest common factor of 48 and 30?
6
Calculate the greatest common factor of 1025 and 275.
25
What is the highest common divisor of 9400 and 329?
47
What is the greatest common divisor of 15 and 4045?
5
Calculate the greatest common divisor of 770 and 210.
70
What is the highest common factor of 517 and 143?
11
What is the greatest common divisor of 15 and 1110?
15
What is the highest common divisor of 66 and 6?
6
What is the highest common factor of 25663 and 33?
11
Calculate the greatest common factor of 177 and 57.
3
What is the highest common divisor of 64 and 192?
64
Calculate the greatest common divisor of 4998 and 34.
34
Calculate the highest common divisor of 108 and 108756.
108
What is the greatest common divisor of 16 and 17000?
8
What is the greatest common factor of 96 and 224?
32
Calculate the highest common divisor of 34 and 2176.
34
What is the highest common factor of 1980 and 120?
60
Calculate the greatest common divisor of 18 and 26.
2
What is the highest common divisor of 6 and 282?
6
Calculate the highest common factor of 2443 and 7.
7
What is the highest common divisor of 1160 and 360?
40
Calculate the highest common divisor of 24 and 48.
24
What is the greatest common factor of 476 and 28?
28
Calculate the greatest common divisor of 112 and 3976.
56
What is the highest common divisor of 6 and 501?
3
What is the greatest common divisor of 318 and 424?
106
What is the highest common factor of 14 and 1456?
14
What is the highest common factor of 42 and 798?
42
What is the highest common factor of 1830 and 61?
61
Calculate the greatest common divisor of 6 and 1734.
6
Calculate the highest common factor of 6208 and 320.
64
What is the highest common factor of 2364 and 12?
12
Calculate the greatest common divisor of 12 and 96.
12
Calculate the greatest common factor of 10 and 5.
5
What is the greatest common divisor of 812 and 308?
28
Calculate the greatest common divisor of 858 and 130.
26
What is the highest common factor of 190 and 40?
10
Calculate the greatest common divisor of 3380 and 80.
20
What is the highest common factor of 34 and 374?
34
What is the highest common factor of 5963 and 134?
67
Calculate the greatest common divisor of 6 and 552.
6
Calculate the highest common factor of 90 and 186.
6
Calculate the highest common factor of 234 and 36.
18
Calculate the greatest common divisor of 75 and 30.
15
Calculate the greatest common divisor of 6 and 9.
3
Calculate the greatest common divisor of 25 and 475.
25
Calculate the highest common divisor of 756 and 2457.
189
Calculate the greatest common divisor of 5544 and 594.
198
What is the highest common factor of 324 and 729?
81
Calculate the highest common factor of 4944 and 6.
6
Calculate the highest common divisor of 44 and 604.
4
Calculate the highest common factor of 21 and 1659.
21
What is the greatest common divisor of 1560 and 300?
60
What is the greatest common divisor of 2 and 5?
1
What is the highest common divisor of 3 and 285?
3
Calculate the greatest common divisor of 423 and 9.
9
What is the highest common divisor of 69 and 391?
23
Calculate the highest common factor of 54 and 2241.
27
What is the highest common divisor of 26 and 26?
26
Calculate the greatest common factor of 447 and 3.
3
Calculate the highest common divisor of 176 and 1958.
22
Calculate the highest common factor of 66 and 16038.
66
Calculate the greatest common factor of 52 and 78.
26
What is the highest common factor of 1302 and 315?
21
What is the highest common divisor of 3219 and 261?
87
What is the greatest common divisor of 2919 and 7?
7
What is the greatest common divisor of 105 and 1365?
105
What is the greatest common divisor of 10560 and 210?
30
Calculate the greatest common divisor of 25824 and 96.
96
What is the greatest common factor of 517 and 11?
11
Calculate the highest common divisor of 28 and 2590.
14
What is the highest common factor of 152 and 741?
19
Calculate the greatest common factor of 568 and 26412.
284
Calculate the greatest common factor of 620 and 20.
20
Calculate the greatest common divisor of 490 and 10.
10
What is the greatest common factor of 1025 and 369?
41
Calculate the greatest common divisor of 75 and 10995.
15
What is the greatest common factor of 191 and 32279?
191
Calculate the highest common divisor of 100 and 560.
20
Calculate the greatest common factor of 20 and 17260.
20
Calculate the greatest common factor of 1411 and 830.
83
What is the highest common factor of 96 and 992?
32
Calculate the highest common divisor of 213 and 20235.
213
Calculate the highest common divisor of 192 and 64.
64
What is the highest common divisor of 62 and 124?
62
What is the highest common factor of 1028 and 3341?
257
Calculate the highest common divisor of 955 and 10.
5
Calculate the greatest common factor of 96 and 4044.
12
Calculate the greatest common factor of 153 and 136.
17
Calculate the highest common factor of 66 and 891.
33
Calculate the greatest common factor of 240 and 160.
80
What is the highest common divisor of 1162 and 1494?
166
What is the highest common divisor of 30 and 8070?
30
Calculate the greatest common divisor of 63 and 371.
7
What is the highest common factor of 583 and 106?
53
What is the greatest common factor of 26 and 4121?
13
What is the greatest common divisor of 4324 and 940?
188
Calculate the greatest common factor of 41693 and 241.
241
What is the greatest common factor of 2183 and 148?
37
Calculate the greatest common factor of 1131 and 234.
39
Calculate the greatest common factor of 34 and 37825.
17
Calculate the highest common divisor of 65 and 793.
13
Calculate the highest common factor of 30 and 120.
30
What is the highest common divisor of 22 and 231?
11
Calculate the greatest common divisor of 13976 and 8.
8
Calculate the greatest common divisor of 105 and 45.
15
Calculate the highest common factor of 60 and 1350.
30
What is the highest common factor of 18 and 12?
6
Calculate the highest common factor of 135 and 35.
5
Calculate the greatest common factor of 448 and 2352.
112
Calculate the greatest common divisor of 7 and 14.
7
Calculate the highest common factor of 82 and 533.
41
What is the greatest common divisor of 28 and 119?
7
What is the greatest common divisor of 128 and 4?
4
Calculate the greatest common divisor of 55 and 6919.
11
What is the highest common factor of 20 and 265?
5
What is the highest common factor of 4564 and 8?
4
Calculate the greatest common factor of 10 and 3170.
10
Calculate the highest common factor of 53 and 9593.
53
What is the highest common factor of 108 and 1764?
36
What is the greatest common factor of 188 and 235?
47
Calculate the greatest common divisor of 742 and 424.
106
What is the greatest common factor of 374 and 34?
34
What is the highest common factor of 98741 and 293?
293
What is the greatest common divisor of 1680 and 1050?
210
What is the highest common divisor of 40 and 24?
8
What is the greatest common divisor of 1770 and 3?
3
Calculate the greatest common divisor of 11 and 2101.
11
Calculate the highest common factor of 78 and 24.
6
Calculate the gr